 -3*p - 0*p. Suppose c + 0*y = 5*y + 2133, 4*y + 8596 = p*c. Is c composite?
False
Let x be (2 + 2)*25/10. Suppose -x*b + 12 = -38. Suppose -6*k + b = -5*k, 3*o = 4*k + 2845. Is o prime?
False
Let g(i) = 27*i**3 + 7*i**2 - 11*i + 15. Is g(4) a composite number?
False
Let v = -173 - -176. Is (1 - v)*2318/(-4) a composite number?
True
Let m be (5 + 11730/25)*-5. Let x = m - -9588. Is x prime?
False
Suppose -r - j = -413872, 2*r + 13*j + 2*j - 827783 = 0. Is r a prime number?
True
Let r = -732 - -740. Suppose 0 = r*p - 10415 - 5993. Is p prime?
False
Suppose -4*l = -0*r - 3*r - 32, 1 = -3*l - 4*r. Is 6779/l*(17 + -12) composite?
False
Suppose 3*p = -7*p - 200. Let r be -4*((-5)/p)/(1/(-2)). Suppose -2*q - r*i = i - 746, q = 5*i + 399. Is q a prime number?
True
Let k = 10136 + -6690. Let a = -2389 + k. Is a composite?
True
Let b be (5 + 2217/15)*(-2270)/(-4). Suppose 4*o - b - 282098 = 0. Is o prime?
True
Let y be (-12)/8 + 1/(6/1047). Suppose 5*t = -4*b - 95 - 119, -y = 4*t + 5*b. Is (1636 + t)/((-2 - -1) + 3) a prime number?
True
Suppose -3*l + 43 = -5*x - 7, x + 10 = -l. Let j(d) be the first derivative of -d**4/4 - 8*d**3/3 - 2*d**2 - 3*d - 2. Is j(x) composite?
True
Suppose -29*j + 2170695 = -24*j - 5*i, -2170707 = -5*j + 2*i. Is j a composite number?
True
Suppose 30 + 10 = 4*s. Suppose -15*v - 1495 = -s*v. Let u = 688 + v. Is u a composite number?
False
Let k(z) = -z**2 - 4*z - 2. Let b be k(-2). Suppose 5*l - 2*v - 82785 = 0, -3*l + 63187 - 13516 = -b*v. Is l composite?
True
Let n be (-18)/(-8) + -6 - (-2)/(-8). Let u be 67 - (n/1 - -2). Suppose -3*t - u = -336. Is t a composite number?
False
Let f(k) = 6*k**2 + 26*k + 29. Let l(g) = -18*g**2 - 78*g - 87. Let u(v) = -8*f(v) - 3*l(v). Let a be u(12). Suppose -2*n = 6, -2*n = -d + 2*n + a. Is d prime?
True
Suppose -p = -3*k - 1618, 0 = -2*p - 0*k - 2*k + 3252. Suppose 3*y + 11264 = 4*v, 2*y + 12463 + p = 5*v. Is v prime?
True
Let d(q) = -q**3 - 10*q**2 - 15*q - 6. Let s be d(-6). Let n be s/(-72) - (-2)/12. Is 3 + n + -1 - -1340 composite?
True
Is (-5)/10 - (14 + 12369502/(-4)) composite?
True
Is (-2 - -820126)*(-19)/(-76) a prime number?
True
Suppose 3*w + 1 = 5*i - 62, -5*w = 5. Suppose -3*t - 3 + i = 0, 2*t - 4576 = -5*a. Let b = a - -275. Is b a composite number?
True
Let n(b) = 1713*b**2 - 140*b - 2768. Is n(-17) prime?
False
Let n(h) = 98*h + 21. Let s be n(7). Suppose 0 = 5*m - 2*m - k + s, -5*m + k - 1179 = 0. Let t = 435 + m. Is t prime?
True
Suppose 364*r - 359*r - 1008575 = 0. Is (598/65 + -9)/(1/r) composite?
False
Let r = -92707 + 332610. Is r a prime number?
False
Let a = 149441 - -144990. Is a prime?
True
Let m(a) = 322*a + 267. Let d be 1 + 1 - (-32)/6*6. Is m(d) a composite number?
True
Suppose -956*a + 951*a - 4*i = -235221, -a = 5*i - 47061. Is a a prime number?
True
Let z = 559 - -1434. Let f(m) = 147*m - 1. Let q be f(-5). Let b = q + z. Is b composite?
True
Let u(b) = -11*b**2 + 8*b - 25. Let x be u(-10). Let a = x - -1726. Is a composite?
False
Let d be (3/9)/(1*2/36). Let x be (-2)/4*(d + -12). Suppose 8*n = x*n + 5835. Is n a prime number?
False
Let f(s) be the third derivative of -19*s**6/120 + s**5/12 + s**4/4 + 7*s**3/6 + s**2 + 12. Suppose -2*n - 3 = -n. Is f(n) a prime number?
True
Let r = 761355 - 299908. Is r prime?
False
Let g(t) = 212*t**2 + 7*t - 10. Let f be g(8). Suppose -n = -2*o + 5440, 4*o = 9*o + n - f. Is o a composite number?
True
Suppose 2*a = -4*i + 141414, -197*a = -199*a + 5*i + 141423. Is a prime?
True
Let k be (0 - 6) + -2*(-12 + 7). Let m(q) = -q + 10. Let x be m(5). Is -67*(-72)/k - x prime?
True
Suppose 2733 + 3207 = -5*y. Let c be (6/12)/((-3)/y). Suppose -545 = -h - c. Is h prime?
True
Let d(z) = -2*z**2 + 20*z - 18. Let x be d(9). Suppose f = -4*t + 44, -3*t + f + x*f = -40. Is (-11946)/(-14) - t/42 prime?
True
Suppose 5*s + 5 = 0, h - 15*s + 10*s = 2944. Is h a prime number?
True
Let r be 5151/5 + 8/10. Let g = -517 + r. Let a = 235 + g. Is a a prime number?
False
Is 5/(1 - 2) - 1800810/(-255) prime?
True
Let w(i) = -3*i**3 + 2*i**2 - 34*i - 15. Let z(d) = -4*d**3 + 2*d**2 - 33*d - 17. Let r(n) = -3*w(n) + 2*z(n). Is r(12) a prime number?
False
Let i(j) = -547*j**3 - 5*j**2 + 199*j + 781. Is i(-4) a composite number?
False
Suppose -1209 - 4409 = -2*b. Let f = b - -112. Is f a composite number?
True
Let z(h) = -619*h - 122. Let n(r) = r - 3. Let g(f) = -6*n(f) + z(f). Is g(-22) a prime number?
False
Suppose -5*l = -2*h - 9365, 2*l + 3745 = 4*l - h. Let b = -958 + l. Is b composite?
True
Suppose 148380 = 7*h + 37920. Suppose 6*o = h + 5994. Is o a prime number?
False
Suppose 10*q - 32*q = 14*q - 23704236. Is q composite?
True
Is (-10)/(-22)*14/(-35) + 170562227/121 composite?
True
Suppose 1751*p - 70001412 = 1673*p. Is p a prime number?
False
Suppose 2*h = -2*m + 1138054, -2*h - 5*m + 7*m + 1138078 = 0. Is h prime?
False
Let v(y) = -y**3 + 3*y**2 + 2*y + 8. Let l be v(5). Let g be (-17)/4 + 2 - (-24)/l. Is ((-3952)/(-2))/2 - (0 - g) prime?
False
Is (-20 - 353504/(-2)) + (-2 - 7) prime?
False
Let y = 3604 + -1406. Suppose 20*q - 549 = -29*q - 12*q. Suppose -q*z + y = -7*z. Is z composite?
True
Let v(t) = 1473*t - 46. Let d(p) = -p**3 + 22*p**2 - 39*p - 13. Let u be d(20). Is v(u) a composite number?
True
Let t be 0 + 6 - (-11)/((-11)/3). Suppose 4*z = -t*z + 41720. Suppose 0 = 5*j + 5*w - z, 5*j + 5*w - 5966 = 2*w. Is j a prime number?
False
Suppose 610 = -l + 6934. Suppose -12*d = -3240 - l. Is d prime?
True
Let j be (2/(-6))/(186/(-90) + 2). Suppose 0 = -0*m + 4*m - j*f - 26, -6 = -2*m - f. Let w(h) = 8*h**2 + 5*h + 7. Is w(m) a composite number?
True
Let y = 487 + -485. Suppose -3*i + 36311 = y*o - 6*o, 5*i = -5*o + 60460. Is i composite?
False
Suppose -142*d + 147*d - 4*s = 2014939, s + 805978 = 2*d. Is d prime?
True
Suppose 0*b = 4*l + b - 39, -5*b - 55 = -5*l. Suppose 0 = l*y + y - 289619. Is y composite?
True
Let p = 381483 + -101246. Is p composite?
True
Let l = -17 - -21. Suppose -k - 4815 = -l*k. Let f = -1048 + k. Is f a composite number?
False
Let w(f) = 7*f**2 - 6*f + 16. Let l(q) = -q**2 - 7*q + 5. Let m(p) = 2*p**2 - 16*p + 7. Let t be m(7). Let h be l(t). Is w(h) composite?
True
Suppose -73*n = -45*n - 93*n + 4646005. Is n a prime number?
False
Suppose 5*r + 5*c = 452915, 105*c - 104*c = 6. Is r prime?
False
Suppose -3*r - 27 = -48. Suppose -5*h - 2948 = -r*h - 5*d, 3*h = 3*d + 4401. Is h a composite number?
True
Let a be -3*4/(-10)*10/4. Suppose a*n - 8*n + 4135 = 0. Let m = -110 + n. Is m a composite number?
True
Suppose 4*w - 2606732 = 3*j, 2*w + 15*j = 18*j + 1303366. Is w a prime number?
True
Is -1138*(1560/(-48) + 14) a prime number?
False
Suppose 0 = -3*d + 293 - 284. Let t(j) = 292*j**2 - 11*j + 14. Is t(d) prime?
True
Suppose 4*l = 0, 5*q - 3*l + 5345 = l. Let o = 328 - q. Is o a prime number?
False
Let v(f) = 4905*f - 98. Is v(37) a composite number?
False
Is 1992109/(-7)*(8 - -5 - 14) composite?
False
Let b = -109 - -69. Is (-8)/b*(2 - -2331)*5 composite?
False
Let j(k) = k**3 + 2*k**2 - 7*k + 1. Let m be j(-4). Is 134/m*(-2001)/(-116)*-2 prime?
False
Suppose 36*x - 13*x - 279335 = 0. Suppose 722*o = 727*o - x. Is o a composite number?
True
Let u(f) = 3*f**2 + 60*f + 118. Let z = -13 - 32. Is u(z) composite?
True
Let j = -875987 + 2375668. Is j a prime number?
True
Let o = 69576 - 28217. Is o a composite number?
True
Let y(h) = 108*h**2 + 330*h - 6. Let m(p) = -54*p**2 - 164*p + 3. Let z(x) = -7*m(x) - 3*y(x). Is z(-5) a composite number?
False
Let w = -11 - -14. Suppose -3*k - w*k + 6 = 0. Is (-1911)/(-2) - k/(6/3) prime?
False
Let s(r) = 22*r + 19. Let w = 51 + -51. Suppose -5*g + 2*a + 55 = w, 0 = 4*a - a + 15. Is s(g) a prime number?
False
Let f = -1217 + 11020. Is f composite?
False
Let y(z) = z**3 - 10*z**2 - 9*z - 20. Let j be y(11). Suppose j - 7 = -d. Suppose d*p = -3*a + 546 - 160, -3*p + 2*a = -243. Is p composite?
False
Suppose -91065*l = -91048*l - 7117339. Is l a composite number?
False
Let s(z) = -2*z**2 + 24*z - 17. Let i be s(10). Let l = 32 - i. Let n(y) = 2*y**2 + 12*y - 11. Is n(l) prime?
False
Let s = 74 - 82. Is s/28 + 30210/42 composite?
False
Let v(p) = 301*p**2 - 58*p + 13. Let h(q) = -q**2 - 26*q - 31. Let y be h(-25). Is v(y) prime?
True
Let f(r) = 93*r + 22. Let b(c) = c**3 - 8*c**